1220212
Convert -30320101 (base 4) to base 6.
-1044121
What is 100111111010001001 (base 2) in base 7?
1250401
Convert 37a2 (base 15) to base 3.
121020222
119112 (base 15) to base 4
3031032221
What is 7935278 (base 10) in base 12?
27a8212
What is 20313 (base 13) in base 16?
e12d
Convert -15330510 (base 6) to base 9.
-1013526
-32332401 (base 5) to base 8
-1035352
What is 1778916 (base 10) in base 8?
6622344
18873 (base 12) to base 16
8bd7
436111 (base 9) to base 2
111111100011111000
Convert 241331113 (base 5) to base 12.
460727
123b77 (base 16) to base 13
32ab32
Convert 11332665 (base 7) to base 13.
290130
-d6f8e (base 16) to base 10
-880526
-3246274 (base 8) to base 9
-1567557
Convert 4a0d9b (base 14) to base 16.
26ba9d
What is 16aa210 (base 15) in base 7?
260066022
Convert -2461133 (base 7) to base 8.
-1153644
-348b21 (base 12) to base 16
-ce449
What is -1303d (base 14) in base 10?
-46703
12143211 (base 5) to base 15
24306
154501252 (base 6) to base 4
30212322200
Convert 902694 (base 10) to base 4.
3130120212
What is -3243473 (base 8) in base 9?
-1565622
What is 1206a8 (base 11) in base 12?
92775
-113230001 (base 4) to base 3
-11221002112
31036b (base 13) to base 2
100010111000011111100
64740 (base 12) to base 15
29359
1732465 (base 11) to base 5
1223233213
What is 4214543 (base 6) in base 8?
617377
-3112204342 (base 5) to base 6
-344241130
Convert -2234304024 (base 5) to base 8.
-23032330
9ca667 (base 13) to base 16
38922e
202023232032 (base 4) to base 5
4243222120
-32242142 (base 5) to base 3
-111221210001
What is 4679b (base 13) in base 6?
2432001
1040241412 (base 5) to base 11
1313a45
What is -2927684 (base 10) in base 15?
-3cc6de
212354441 (base 6) to base 13
a19c23
12160511 (base 7) to base 5
234342212
Convert 1166353 (base 10) to base 13.
31ab66
What is -11100100111000100 (base 2) in base 13?
-41456
83025 (base 10) to base 2
10100010001010001
What is 276070 (base 9) in base 4?
221020032
2504543 (base 6) to base 11
91139
983663 (base 13) to base 8
15513723
-22221404 (base 5) to base 12
-94b91
What is 3e5d4 (base 16) in base 12?
1039b0
What is -621445 (base 8) in base 16?
-32325
Convert -1030331312 (base 4) to base 9.
-530402
Convert -34406323 (base 8) to base 15.
-9c9977
What is 311023303 (base 4) in base 8?
651363
What is 201222021101 (base 3) in base 4?
1133332222
Convert -3225234 (base 6) to base 11.
-a9746
Convert 82264 (base 11) to base 5.
12320402
What is -1986344 (base 12) in base 10?
-5402212
What is -8b004 (base 13) in base 12?
-10226b
Convert a7498 (base 12) to base 9.
364878
Convert 11211111222010 (base 3) to base 10.
2568972
Convert -32123432 (base 5) to base 2.
-1000010000010011100
What is -113220321 (base 4) in base 3?
-11220211010
Convert 12043205 (base 6) to base 10.
379157
What is e426d (base 15) in base 4?
2300131303
Convert -29a268 (base 12) to base 15.
-dceab
3035416 (base 8) to base 3
1111201112001
Convert -1687e (base 15) to base 10.
-72794
What is -36054 (base 7) in base 12?
-5470
What is 193440 (base 13) in base 10?
635661
34403441 (base 8) to base 5
3403113204
What is -1210702 (base 8) in base 9?
-555650
8842270 (base 9) to base 13
ca4b59
Convert -109ba22 (base 15) to base 10.
-11885657
30414040 (base 5) to base 13
88b76
What is 1b9ac (base 13) in base 16?
d477
-112122212 (base 5) to base 15
-9e807
What is 161003 (base 10) in base 4?
213103223
13415221 (base 6) to base 11
28a775
Convert 1010011110000101111 (base 2) to base 7.
2626153
What is -a2a04 (base 11) in base 15?
-2e7e1
What is 46a15a (base 12) in base 9?
2122887
Convert -23a00 (base 11) to base 7.
-202353
Convert 645562 (base 7) to base 10.
112450
Convert -2922391 (base 11) to base 8.
-23126334
19b481 (base 12) to base 11
290a51
What is -12342211 (base 5) in base 16?
-1dad4
Convert 26a6a9c (base 13) to base 3.
211220220112201
6265121 (base 7) to base 16
b87ed
Convert -21121120100 (base 3) to base 12.
-72883
-230400144 (base 5) to base 15
-15499e
Convert 35261a1 (base 11) to base 15.
81965d
19a5989 (base 14) to base 7
213353332
-323441032 (base 6) to base 16
-581f6c
What is 1444100 (base 7) in base 11?
124203
What is -22332230233 (base 4) in base 10?
-2878255
-1003005 (base 15) to base 7
-165622232
What is -4808441 (base 9) in base 10?
-2604349
Convert 6231 (base 14) to base 12.
9943
Convert -8b0b1 (base 16) to base 15.
-b3b31
5276740 (base 8) to base 10
1408480
33e0e (base 15) to base 5
20241124
-3011132311 (base 4) to base 8
-3053665
-313202 (base 6) to base 4
-12030002
Convert -66317 (base 16) to base 14.
-ac78b
What is 552224 (base 7) in base 14?
27414
Convert -1011373 (base 9) to base 13.
-15b478
What is -2324320 (base 6) in base 5?
-12321331
Convert -227533 (base 9) to base 14.
-37ba6
Convert 2512454 (base 6) to base 3.
20210221121
Convert -753733 (base 8) to base 14.
-67b07
Convert 2355868 (base 9) to base 4.
10313310011
Convert 12031232220 (base 4) to base 16.
18dba8
214c1 (base 14) to base 10
80529
Convert -5737b2 (base 13) to base 9.
-3785628
What is 10101001010010111 (base 2) in base 14?
23835
Convert 77a61 (base 12) to base 14.
41c01
Convert -531cb (base 13) to base 5.
-14242412
-381b35 (base 15) to base 7
-31566503
31313221 (base 6) to base 14
19a421
What is -79136 (base 15) in base 8?
-1360002
1257728 (base 9) to base 3
1021221210222
Convert -43004 (base 11) to base 16.
-f461
3aa99 (base 12) to base 16
13c95
-99ac6 (base 13) to base 8
-1040222
Convert 12111211 (base 3) to base 13.
1aa1
2203321 (base 7) to base 12
110387
What is -3020001 (base 5) in base 7?
-260211
What is 2000131111 (base 4) in base 8?
2003525
What is 185871 (base 9) in base 15?
24514
Convert 12200111111010 (base 3) to base 16.
2e1a12
-11000010010101010100 (base 2) to base 6
-25021044
Convert -a12a5 (base 11) to base 2.
-100100001010000010
What is 5742009 (base 11) in base 13?
2109a1a
Convert 232433224 (base 5) to base 15.
15e894
What is -11235042 (base 6) in base 8?
-1246002
514355550 (base 6) to base 12
2b8bbb6
What is 707c98 (base 16) in base 13?
16b15b5
What is -211412104 (base 5) in base 13?
-2514aa
617136 (base 10) to base 4
2112222300
Convert -2521140 (base 8) to base 11.
-436681
224233202 (base 5) to base 8
3661650
What is 309587 (base 13) in base 10?
1134608
610249 (base 10) to base 2
10010100111111001001
Convert b4ea7 (base 15) to base 7.
4606354
What is -68375 (base 11) in base 9?
-160642
3d410 (base 16) to base 11
161558
What is -42ba51 (base 13) in base 4?
-11332313121
What is -551739 (base 10) in base 6?
-15454203
Convert 13377 (base 14) to base 11.
32628
100010101110011000010 (base 2) to base 14
218958
Convert -1237325 (base 8) to base 12.
-146b31
What is -1685 (base 12) in base 4?
-222011
-1261584 (base 9) to base 7
-5602666
Convert -902187 (base 10) to base 15.
-12c4ac
What is -474343 (base 8) in base 10?
-162019
-575441 (base 11) to base 15
-131151
Convert 514604 (base 8) to base 10.
170372
3829156 (base 11) to base 2
11001010110001100110110
What is 35223110 (base 7) in base 10?
3098375
What is -40aa9 (base 11) in base 13?
-21352
-13142550 (base 6) to base 15
-886a6
Convert 1640a9 (base 11) to base 7.
2106342
554520 (base 7) to base 15
1de16
5053642 (base 7) to base 15
bd3bd
What is -3540364 (base 8) in base 10?
-966900
Convert -1463882 (base 9) to base 12.
-330848
What is 120201121112101 (base 3) in base 8?
37703414
717457 (base 8) to base 9
401532
What is 112232213001 (base 4) in base 14?
b11453
-1001100011010010010 (base 2) to base 16
-4c692
What is 1001001100000001101 (base 2) in base 8?
1114015
Convert 1828795 (base 11) to base 4.
23311002302
What is -1866527 (base 9) in base 4?
-3333313003
7d7d1 (base 15) to base 8
1415225
12406725 (base 8) to base 16
2a0dd5
Convert 3133310102 (base 5) to base 16.
63cfdd
Convert 4081776 (base 11) to base 10.
7205633
What is 42a077 (base 12) in base 6?
34332231
Convert 1050a0 (base 14) to base 11.
347541
What is -45061544 (base 7) in base 4?
-32313201203
What is 1145342 (base 7) in base 5?
14132302
Convert 144c07 (base 13) to base 4.
1321023220
-2326500 (base 7) to base 3
-112212200100
What is 122133112 (base 5) in base 13?
1757b1
Convert -6044 (base 16) to base 6.
-310032
12555553 (base 6) to base 16
6683d
83892 (base 10) to base 6
1444220
What is -242027 (base 8) in base 4?
-110100113
What is 3c7ea (base 16) in b